30
Calculate the remainder when 153059 is divided by 37979.
1143
What is the remainder when 393282 is divided by 785?
782
Calculate the remainder when 1704169 is divided by 1991.
1864
What is the remainder when 10211010 is divided by 2552748?
18
What is the remainder when 21817943 is divided by 1273?
1269
What is the remainder when 246506 is divided by 65?
26
Calculate the remainder when 3493323 is divided by 145554.
27
What is the remainder when 49905853 is divided by 1148?
1145
Calculate the remainder when 504053 is divided by 206.
177
What is the remainder when 8837650 is divided by 26539?
163
What is the remainder when 18602 is divided by 9283?
36
What is the remainder when 708205 is divided by 149?
8
Calculate the remainder when 16844078 is divided by 3165.
3113
What is the remainder when 113518 is divided by 56186?
1146
Calculate the remainder when 5129 is divided by 1835.
1459
Calculate the remainder when 4171486 is divided by 32.
30
Calculate the remainder when 198337 is divided by 1926.
1885
Calculate the remainder when 9299 is divided by 11.
4
Calculate the remainder when 3679435 is divided by 141505.
305
What is the remainder when 554581766 is divided by 4388?
4386
What is the remainder when 233014861 is divided by 50?
11
What is the remainder when 11307 is divided by 10996?
311
Calculate the remainder when 6773791 is divided by 260.
11
What is the remainder when 15238232 is divided by 71?
70
What is the remainder when 4986365 is divided by 1662089?
98
What is the remainder when 15160227 is divided by 3340?
3307
Calculate the remainder when 66639397 is divided by 33319691.
15
Calculate the remainder when 5985601 is divided by 1253.
20
Calculate the remainder when 64376754 is divided by 21.
15
What is the remainder when 687461 is divided by 150?
11
Calculate the remainder when 104193 is divided by 104186.
7
What is the remainder when 1050984 is divided by 703?
702
What is the remainder when 321374 is divided by 950?
274
Calculate the remainder when 124463 is divided by 12.
11
Calculate the remainder when 769750 is divided by 134.
54
Calculate the remainder when 108293 is divided by 2375.
1418
What is the remainder when 1794017 is divided by 448438?
265
What is the remainder when 488471 is divided by 162718?
317
Calculate the remainder when 21446688 is divided by 29.
28
Calculate the remainder when 822653 is divided by 298.
173
What is the remainder when 1211790 is divided by 1121?
1110
Calculate the remainder when 3831148 is divided by 281.
275
Calculate the remainder when 15607506 is divided by 10968.
42
What is the remainder when 62540489 is divided by 821?
814
What is the remainder when 4282719 is divided by 868?
7
Calculate the remainder when 5327341 is divided by 382.
351
What is the remainder when 149427 is divided by 887?
411
What is the remainder when 3022633 is divided by 3977?
113
Calculate the remainder when 3909340 is divided by 1595.
1590
What is the remainder when 1159979 is divided by 102?
35
What is the remainder when 92710 is divided by 756?
478
What is the remainder when 3119106 is divided by 239930?
16
Calculate the remainder when 14211391 is divided by 38.
37
Calculate the remainder when 8013 is divided by 1511.
458
Calculate the remainder when 42441481 is divided by 11160.
1
Calculate the remainder when 6103840 is divided by 632.
616
What is the remainder when 965481 is divided by 965460?
21
What is the remainder when 28049 is divided by 6499?
2053
What is the remainder when 7976188 is divided by 362514?
880
Calculate the remainder when 4137065 is divided by 1034190.
305
Calculate the remainder when 449544445 is divided by 2731.
2728
Calculate the remainder when 3005650 is divided by 1502820.
10
What is the remainder when 48292 is divided by 1665?
7
Calculate the remainder when 625143016 is divided by 681.
679
What is the remainder when 441496 is divided by 11386?
8828
Calculate the remainder when 6755390 is divided by 302.
254
Calculate the remainder when 95000152 is divided by 73.
69
What is the remainder when 42260 is divided by 2839?
2514
What is the remainder when 27511284 is divided by 1434?
1428
Calculate the remainder when 37297974 is divided by 603.
12
What is the remainder when 1955458 is divided by 476?
50
Calculate the remainder when 7535102 is divided by 3767499.
104
What is the remainder when 888472 is divided by 28?
4
What is the remainder when 1029853 is divided by 1029839?
14
Calculate the remainder when 24426961 is divided by 240.
1
Calculate the remainder when 167198 is divided by 33419.
103
Calculate the remainder when 27760982 is divided by 1402.
1382
Calculate the remainder when 64030 is divided by 8262.
6196
What is the remainder when 438065311 is divided by 16?
15
Calculate the remainder when 7266130 is divided by 802.
10
What is the remainder when 113651 is divided by 1307?
1249
Calculate the remainder when 24219 is divided by 11581.
1057
What is the remainder when 5285718 is divided by 1030?
788
Calculate the remainder when 34291 is divided by 16644.
1003
Calculate the remainder when 11119360 is divided by 300523.
9
Calculate the remainder when 18388483 is divided by 813.
49
What is the remainder when 246587 is divided by 49298?
97
What is the remainder when 3714695 is divided by 18?
17
What is the remainder when 1521551 is divided by 333?
74
What is the remainder when 73729345 is divided by 2120?
2105
What is the remainder when 2065833 is divided by 24586?
609
Calculate the remainder when 10285031 is divided by 178.
13
Calculate the remainder when 140104 is divided by 34947.
316
What is the remainder when 989304 is divided by 558?
528
What is the remainder when 1113858 is divided by 222770?
8
What is the remainder when 6035384 is divided by 7202?
108
What is the remainder when 473517 is divided by 8601?
462
Calculate the remainder when 400447 is divided by 44493.
10
Calculate the remainder when 6316420 is divided by 15.
10
What is the remainder when 842471 is divided by 972?
719
What is the remainder when 422078 is divided by 8978?
112
What is the remainder when 113819 is divided by 6749?
5835
What is the remainder when 475035 is divided by 785?
110
Calculate the remainder when 310250 is divided by 292.
146
What is the remainder when 245196 is divided by 866?
118
What is the remainder when 34969796 is divided by 9298?
18
Calculate the remainder when 865419 is divided by 75.
69
What is the remainder when 2135879 is divided by 1224?
1223
What is the remainder when 86836 is divided by 21584?
500
What is the remainder when 2030314 is divided by 107?
96
What is the remainder when 266694 is divided by 133345?
4
What is the remainder when 54302 is divided by 537?
65
Calculate the remainder when 1205871 is divided by 96.
15
What is the remainder when 2776426 is divided by 2139?
4
Calculate the remainder when 46868471 is divided by 6368.
6359
What is the remainder when 544425 is divided by 652?
5
Calculate the remainder when 55304 is divided by 7719.
1271
What is the remainder when 10453882 is divided by 83631?
7
Calculate the remainder when 431954 is divided by 86387.
19
What is the remainder when 654118 is divided by 130823?
3
What is the remainder when 185097 is divided by 6381?
48
Calculate the remainder when 33781901 is divided by 152.
53
What is the remainder when 45562458 is divided by 39?
6
What is the remainder when 1789343 is divided by 981?
980
Calculate the remainder when 30177981 is divided by 40077.
0
What is the remainder when 436868 is divided by 11486?
400
Calculate the remainder when 1970761220 is divided by 8723.
8722
What is the remainder when 512752 is divided by 571?
565
Calculate the remainder when 63540377 is divided by 135.
62
What is the remainder when 422432111 is divided by 3?
2
What is the remainder when 39840180 is divided by 97171?
70
What is the remainder when 796846 is divided by 208?
206
What is the remainder when 70661 is divided by 105?
101
Calculate the remainder when 18984733 is divided by 518.
33
What is the remainder when 1626616 is divided by 46?
10
Calculate the remainder when 8550150 is divided by 9427.
9288
Calculate the remainder when 123275 is divided by 44.
31
Calculate the remainder when 4480652 is divided by 10001.
204
What is the remainder w